*2 - 8*o + 4. Let m be x(5). Is 11*2 + 33/m even?
False
Let m = 2562 - 2312. Is 35 a factor of m?
False
Let a(i) = -44 + 24 + 9 + 13*i**2 + 2*i. Is a(-4) a multiple of 27?
True
Is 72 a factor of (-17256)/(-15) - (-11 + 376/40)?
True
Suppose 36*v - 26*v = 6250. Does 120 divide v?
False
Let y = -702 + 780. Is 4 a factor of y?
False
Suppose h - 5 + 1 = 0. Suppose -2*x + h = -92. Is x a multiple of 8?
True
Let p(m) = 54*m + 1. Let n be p(1). Let v = n - 45. Does 6 divide v?
False
Suppose -c + 3*d - d = -743, -5*d - 20 = 0. Does 49 divide c?
True
Is 76/(9/2 - 4) a multiple of 5?
False
Let r = -7 - -12. Suppose -21 = -v + r*t, -3*t - 34 = v - 15. Let x(b) = -16*b + 3. Does 17 divide x(v)?
False
Suppose -3*k + 447 = -n, -5*k + 3*n = -k - 601. Suppose 4*z = 4*w - 0*w - k, -z = w - 39. Suppose -w = -u - u. Is u a multiple of 15?
False
Is 49 a factor of 136/1904 + (-31554)/(-28)?
True
Let m = 2 + -2. Let w be 4 + (-4 - -3) - m. Suppose -w*j = 2*v - 2*j - 66, 4*j - 26 = -v. Is 9 a factor of v?
False
Let a be 2*(-11)/(-8) + (-4)/(-16). Suppose -6*h = -h - a*x - 243, x + 98 = 2*h. Is h a multiple of 17?
True
Let w(s) = s**3 + 5*s**2 - 5*s + 1. Let u be w(-5). Let m = 42 - u. Is m a multiple of 9?
False
Let i(m) = -221*m + 3. Is 18 a factor of i(-1)?
False
Suppose -5*c - 2*p - 278 = 0, -2*p + 227 = -4*c + p. Let d be ((-22)/8)/(2/c). Does 10 divide 3171/d + (-2)/11?
False
Let k(b) = 8*b**3 + b**2 - 26*b + 3. Does 15 divide k(4)?
False
Suppose -9*o - 424 + 1774 = 0. Does 10 divide o/(-1 + 7)*(3 - 1)?
True
Let h(v) = -v**3 + 16*v**2 - 28*v + 14. Let z be h(14). Let g = z - 8. Is 6 a factor of g?
True
Let d = -50 - -52. Suppose -x + 8 = 2*w, d*w - 7 = -2*x + 17. Does 3 divide x?
False
Let s be (-4)/8*-940 - 2. Suppose -7*h + 20*h = s. Does 12 divide h?
True
Let d = 43 - 31. Suppose 11 = -11*y + d*y. Is 7 a factor of y?
False
Suppose 6284 = 2*k - 0*m - 2*m, -4*m + 6314 = 2*k. Is k a multiple of 61?
False
Let p(h) be the first derivative of -h**5/60 - 3*h**4/4 + h**3/2 + 5*h**2/2 - 6. Let l(z) be the second derivative of p(z). Is 17 a factor of l(-13)?
True
Let f(p) = -57*p + 134. Does 34 divide f(-6)?
True
Suppose 5*p - 3*x - 4 = -5*x, -4*p + 3*x = 6. Suppose p = 2*q + 107 + 39. Let r = 124 + q. Is r a multiple of 17?
True
Let f be 43*4/8*-2. Let b = 16 + f. Does 30 divide ((-6)/4)/(b/2088)?
False
Let f be 1 + 5 + (-1 - 1). Suppose -2*z + 0 = -3*y - f, -5*z = y - 27. Does 11 divide (4 - 6)/(y/(-61))?
False
Suppose 6*m = -28 + 82. Let z(o) = -14*o - 19 + m + 7 + 5. Does 13 divide z(-5)?
False
Let d be -5*(-1 - 4/(-10)). Suppose -3 - d = -3*r, -2*l = 3*r - 10. Suppose -4*u - l*f + 292 = 0, 5*u + f - 365 = 2*f. Is u a multiple of 27?
False
Suppose -4*a - 60 = -5*a. Suppose 0 = -4*q - 0*q + a. Let x = -13 + q. Does 2 divide x?
True
Let v be (-30)/(-4)*(-7048)/10. Let o be v/(-27) + 8/36. Suppose o - 56 = 5*c. Is 8 a factor of c?
False
Suppose -2*r + 7 = 2*c + 11, 2*r = c + 11. Suppose 2*j + r*j - g = 210, 2*j - g - 84 = 0. Is j a multiple of 10?
False
Let n(i) = -i**3 - 2*i**2 + 4*i + 5. Let f = 24 - 29. Does 10 divide n(f)?
True
Let s be 11/2 + 16/(-32). Suppose 31 = 3*v - s*x, -4*v + 52 = 5*x - 1. Is v a multiple of 3?
True
Let u(z) = z**2 - 9*z + 12. Let p be u(8). Suppose m - 1 = p. Suppose -m*l + 27 = t, -3*t + 27 = -2*l - l. Is t a multiple of 12?
True
Suppose 0 = -5*v - 5*c + 550, 3*v - 5*c = -187 + 549. Let r = 215 - v. Does 27 divide r?
False
Is 3 a factor of 198 - (5 - (5 - 3) - 1)?
False
Let n(z) = 3*z + 1. Let q be n(-3). Let j be (q/16)/(1/(-4)). Suppose 2*w - 40 = -j*w + 2*s, 4*w = s + 42. Is w a multiple of 11?
True
Let h be -2 + (20 - (1 + -3)). Suppose -2*f + 0 = -h. Is f a multiple of 10?
True
Suppose 4*z = -3*z + 28. Suppose z*g + 5*g - 261 = 0. Is 29 a factor of g?
True
Let z(g) = -g**3 - 6*g**2 + g - 14. Is z(-16) a multiple of 46?
True
Let i be 34/(-85) + (-3032)/(-5). Let w be (9/6)/(9/i). Let k = -29 + w. Is 18 a factor of k?
True
Suppose 2*i - 3*a - 57 = -i, 3*i + 3*a - 81 = 0. Suppose k = 4*o + i, 3*k - 25 - 10 = -5*o. Suppose -4*t + d - 13 = -5*t, t + 2*d = k. Is t a multiple of 8?
False
Suppose -k - 3 = -2*k. Suppose 2*l + 5 = k*l. Does 2 divide (2/5)/(1/l)?
True
Let t(h) = -9*h**3 + 12*h**2 + 34*h - 1. Is t(-3) a multiple of 31?
True
Let w(v) be the first derivative of v**4/4 + 8*v**3/3 + 3*v**2/2 - 14*v + 56. Does 8 divide w(-6)?
True
Suppose -7*p = 2*p - 18. Suppose 4*i - 784 = x, p*x + 788 = -3*i + 7*i. Is i a multiple of 19?
False
Suppose 49*o - 5*i = 53*o - 743, 763 = 4*o + i. Is o even?
True
Is 201*232/12 + 6 - 4 a multiple of 36?
True
Let a be -1 + 0 + (-4 - -6). Let j be (0 - 3)/(a - 2). Suppose -21 = -f - j. Does 6 divide f?
True
Let h be 328/40 + 1/(-5). Suppose h*w - 286 = 794. Is w a multiple of 7?
False
Let j(x) = 4*x - 117. Does 7 divide j(42)?
False
Let c be (-8)/(-16) + ((-22)/4)/(-1). Suppose 0 = -l + o + 118, -3*o + c*o + 124 = l. Is 24 a factor of l?
False
Suppose -17*x + 7*x = 590. Let j = -3 - x. Is 14 a factor of j?
True
Suppose -1053*w = -1057*w + 1400. Is w a multiple of 5?
True
Let u(n) = 4*n**3 - 2*n**2 - 2*n. Let p be u(-2). Let w(m) = 2*m - 34. Let a be w(6). Let y = a - p. Does 7 divide y?
True
Let o(p) = -p**3 + 8*p**2 - 7*p. Let l be o(7). Let g(x) = -x**2 - 2*x + 11. Let h be g(l). Suppose h - 35 = -2*z. Does 4 divide z?
True
Let c(v) = -2*v**3 - v**2 + 6*v + 5. Let n be c(-3). Is (1*-2)/(n/48) - -102 a multiple of 11?
True
Suppose -2*q = 2*q + 16. Does 14 divide (q/3)/(-3 - -4)*-126?
True
Suppose -3*o = -552 + 93. Suppose 5*r - o = -4*f, r - 165 = 4*f - 9*f. Is f a multiple of 17?
False
Let p(n) = 2*n**3 + 30*n**2 + 19*n + 2. Does 15 divide p(-14)?
False
Is 18 a factor of (-12)/32 + (-24774)/(-16)?
True
Does 61 divide (-12)/(-90) + (-71364)/(-45)?
True
Let r = 2255 + 2296. Is 37 a factor of r?
True
Suppose 11*q - 6247 + 2265 = 0. Does 40 divide q?
False
Let j be ((-5)/(-2))/(1/(-2)). Let r(u) = -12 + 1 + 8 - 11 - 19*u + 1. Does 20 divide r(j)?
False
Let d = -26 + 29. Suppose 5*t - 174 = -4*g, -2*g + 0*g = -t + 46. Suppose 4*p = -d*r + 49 + 9, 3*p + 5*r = t. Is p a multiple of 4?
True
Let q be (6/(-24))/(2/(-16)). Suppose q*a - 9 = 3*a. Does 11 divide 15*1 + 10 + a?
False
Suppose 4*w = -t + 2811, -5*w + 2*w + 3*t = -2127. Does 22 divide w?
True
Let c(f) = -395*f + 2. Is c(-1) a multiple of 8?
False
Suppose 42 = 9*w - 2*w. Let c be 0 - 0 - (3 - w). Suppose -c*i + 0*i = -327. Does 32 divide i?
False
Let l(c) = 2*c + 238. Is 22 a factor of l(-31)?
True
Let t(d) = 43*d**2 - 1. Suppose 5*y - 29 = -24. Is t(y) a multiple of 21?
True
Let r be (-3)/(-6)*(9 + -5). Suppose -4*k + 344 = -r*k. Is k a multiple of 43?
True
Let h be 6/9*-3 - -79. Let g(b) = b - 5. Let r be g(13). Suppose h - r = a. Does 23 divide a?
True
Suppose -3*n + n = -8, 4*o = -2*n + 308. Suppose -5*d - 281 = -4*k, 3*d = -4*k + o + 166. Is k a multiple of 16?
True
Let u = -3285 - -5217. Is u a multiple of 23?
True
Let g be 2/6 - (-129)/(-9). Let u = 101 + g. Is 21 a factor of u?
False
Suppose 5*h + 596 = -2*v, 3*v + 0*v - 2*h = -913. Let q = -48 - v. Does 48 divide q?
False
Let z = -60 + 64. Suppose 135 = 5*s - z*i + 2*i, 108 = 4*s - i. Is 4 a factor of s?
False
Suppose -206*w = -200*w - 10878. Does 49 divide w?
True
Let d = 201 + -87. Suppose i - d = -24. Does 14 divide i?
False
Suppose 4*n = n - 3*j + 1974, 2*j - 1971 = -3*n. Suppose 5 = 5*l - n. Is l a multiple of 12?
True
Suppose 5*v = 6*v + 5. Let s = 8 - v. Suppose -207 = 10*p - s*p. Is p a multiple of 23?
True
Let y = 10 + -18. Let d(c) = -2*c + 8. Does 4 divide d(y)?
True
Let r = -145 + 120. Let d be (1/(-2))/((-1)/(-6)). Is 24 a factor of (555/r)/(d/15)?
False
Let j = -1033 + 1727. Is 45 a factor of j?
False
Let j(x) = x**2 - 5*x - 3. Let g(b) = b**2 - 6*b - 4. Let h(m) = -3*g(m) + 4*j(m). Let c be h(5). Let o = c + -6. Is 5 a factor of o?
False
Suppose -5*p = -5*c - 25, -2*c - 2*c - 5*p - 29 = 0. Is 8 a factor of ((-15)/c + -2)*(-1 - -27)?
False
Let j(p) = 5*p**2 - 21*p + 52. Let w(i) = i**2 - 5*i + 13. Let v(o) = 2*j(o) - 9*w(o). Is v(-7) a multiple of 5?
True
Let o(n) = -n**2. Let x(h) = 3*h**2 + 8*h - 21. Let u(a) = 2*o(a) + x(a). Let i be u(-10). Is (-38)/4*(i + -7) a multiple of 13?
False
Let q = -15 + 13. Is (q/(-3))/((-4)/1620*-3) a multiple of 18?
True
Suppose -3*y - 9 = 3*f